{"id":22,"date":"2020-04-01T12:20:54","date_gmt":"2020-04-01T10:20:54","guid":{"rendered":"https:\/\/promotionskolleg-migration.de\/?page_id=22"},"modified":"2021-02-17T15:31:17","modified_gmt":"2021-02-17T14:31:17","slug":"forschung","status":"publish","type":"page","link":"http:\/\/promotionskolleg-migration.de\/de_de\/forschung\/","title":{"rendered":"Forschung"},"content":{"rendered":"<h5><strong><a href=\"https:\/\/promotionskolleg-migration.de\/veranstaltungen-2\/\">Aktuelle Veranstaltungen<\/a><\/strong><\/h5>\n<h2>Forschung<\/h2>\n\n<p><strong>Struktur des Promotionskollegs \u2013 Forschungsziele und Ausrichtungen<\/strong><\/p>\n<p>Die Bew\u00e4ltigung der Folgen von Migration und Flucht geh\u00f6rt national wie international zu den zentralen und dr\u00e4ngenden Herausforderungen gegenw\u00e4rtiger Gesellschaften, zu denen auch die Forschung einen unverzichtbaren Beitrag leistet. In dem Promotionskolleg \u2013 in dem die vier (Teil-)Disziplinen Soziologie\/Sozialpsychologie, Erziehungswissenschaft\/Bildungsforschung,\u00a0 Psychologie\/Kinder- und Jugendlichenanalyse, Medizin\/Psychosomatik integriert werden \u2013\u00a0 sollen Fragen bearbeitet werden, die im Rahmen bisheriger Studien teils zu wenig, teils wenig systematisch in den Blick genommen wurden, insbesondere nicht in der hier konzipierten spezifischen Ausrichtung und transdisziplin\u00e4ren Anlage.<\/p>\n<p>\u00a0<\/p>\n<p style=\"text-align: left;\">Dabei begr\u00fcndet sich die Besonderheit dieses Designs<\/p>\n<ol>\n<li style=\"text-align: left;\">in der systematischen Ber\u00fccksichtigung der <em>psychosozialen und psychischen<\/em> Aspekte der mit Migration oder Flucht verbundenen Belastungen und Chancen sowie, damit zusammenh\u00e4ngend,<\/li>\n<li style=\"text-align: left;\">in der Fokussierung der <em>trans- oder intergenerationalen<\/em> <em>Dynamiken<\/em>, aus der heraus die Situation der adoleszenten Nachkommen von Migrant*innen erst differenziert analysiert werden kann \u2013 und zwar\n<ul>\n<li>mit Blick auf generationale Dimensionen psychischer Entwicklungen, adoleszenter Identit\u00e4tsentw\u00fcrfe und kultureller Positionierung junger M\u00e4nner und Frauen in der Einwanderungsgesellschaft (Prof. Dr. Vera King)<\/li>\n<li>mit Blick auf generationale Dimensionen von Bildungsverl\u00e4ufen und -prozessen der adoleszenten T\u00f6chter und S\u00f6hne aus Migrantenfamilien (Prof. Dr. Hans- Christoph Koller)<\/li>\n<li>mit Blick auf generationale Dimensionen der adoleszenten Verarbeitung von Fluchterfahrungen und m\u00f6glichen Traumata \u2013 unter Einbezug p\u00e4dagogischer oder schulischer Settings (Prof. Dr. Patrick Meurs)<\/li>\n<li>mit Blick auf generationale Dimensionen der Entstehung und Behandlung psychischer Belastungen, Erkrankungen oder psychosomatischer St\u00f6rungen unter besonderer Ber\u00fccksichtigung der Adoleszenz (Prof. Dr. Heinz Wei\u00df)<\/li>\n<\/ul>\n<\/li>\n<li style=\"text-align: left;\">in einem insofern auch hinsichtlich der generationalen Dynamiken theoretisch wie methodologisch differenzierten Konzept <em>adoleszenter<\/em> Prozesse und Verl\u00e4ufe<\/li>\n<li style=\"text-align: left;\">in der Ber\u00fccksichtigung der <em>Gemeinsamkeiten und Unterschiede von Migration und Flucht<\/em><\/li>\n<li style=\"text-align: left;\">in der zumeist vernachl\u00e4ssigten Differenzierung zwischen <em>migrations- <\/em>oder <em>fluchttypischen Herausforderungen und Belastungen <\/em>einerseits und <em>kultur<\/em>bezogenen Aspekten andererseits<\/li>\n<li style=\"text-align: left;\">in der <em>transdisziplin\u00e4ren<\/em> Verkn\u00fcpfung der Perspektiven \u2013 insofern hier psychosoziale und psychische Entwicklungen, Bildung und Sozialisation adoleszenter junger M\u00e4nner und Frauen sowie klinisch bedeutsame Entwicklungsprobleme und generationale Dynamiken aus sozialpsychologischer, bildungswissenschaftlicher, kinder- und jugendanalytischer sowie medizinisch-psychoanalytischer\/psychosomatischer Sicht analysiert werden sollen.<\/li>\n<\/ol>\n\n<h4><strong><a href=\"https:\/\/promotionskolleg-migration.de\/veranstaltungen-2\/\">Aktuelle Veranstaltungen<\/a><\/strong><\/h4>\n","protected":false},"excerpt":{"rendered":"<p>Aktuelle Veranstaltungen Forschung Struktur des Promotionskollegs \u2013 Forschungsziele und Ausrichtungen Die Bew\u00e4ltigung der Folgen von Migration und Flucht geh\u00f6rt national wie international zu den zentralen und dr\u00e4ngenden Herausforderungen gegenw\u00e4rtiger Gesellschaften, zu denen auch die Forschung einen unverzichtbaren Beitrag leistet. In dem Promotionskolleg \u2013 in dem die vier (Teil-)Disziplinen Soziologie\/Sozialpsychologie, Erziehungswissenschaft\/Bildungsforschung,\u00a0 Psychologie\/Kinder- und Jugendlichenanalyse, Medizin\/Psychosomatik integriert [&hellip;]<\/p>\n","protected":false},"author":6,"featured_media":0,"parent":0,"menu_order":0,"comment_status":"closed","ping_status":"closed","template":"elementor_canvas","meta":{"site-sidebar-layout":"no-sidebar","site-content-layout":"page-builder","ast-site-content-layout":"default","site-content-style":"default","site-sidebar-style":"default","ast-global-header-display":"","ast-banner-title-visibility":"","ast-main-header-display":"","ast-hfb-above-header-display":"","ast-hfb-below-header-display":"","ast-hfb-mobile-header-display":"","site-post-title":"disabled","ast-breadcrumbs-content":"","ast-featured-img":"disabled","footer-sml-layout":"","ast-disable-related-posts":"","theme-transparent-header-meta":"default","adv-header-id-meta":"","stick-header-meta":"","header-above-stick-meta":"","header-main-stick-meta":"","header-below-stick-meta":"","astra-migrate-meta-layouts":"default","ast-page-background-enabled":"default","ast-page-background-meta":{"desktop":{"background-color":"","background-image":"","background-repeat":"repeat","background-position":"center center","background-size":"auto","background-attachment":"scroll","background-type":"","background-media":"","overlay-type":"","overlay-color":"","overlay-opacity":"","overlay-gradient":""},"tablet":{"background-color":"","background-image":"","background-repeat":"repeat","background-position":"center center","background-size":"auto","background-attachment":"scroll","background-type":"","background-media":"","overlay-type":"","overlay-color":"","overlay-opacity":"","overlay-gradient":""},"mobile":{"background-color":"","background-image":"","background-repeat":"repeat","background-position":"center center","background-size":"auto","background-attachment":"scroll","background-type":"","background-media":"","overlay-type":"","overlay-color":"","overlay-opacity":"","overlay-gradient":""}},"ast-content-background-meta":{"desktop":{"background-color":"var(--ast-global-color-5)","background-image":"","background-repeat":"repeat","background-position":"center center","background-size":"auto","background-attachment":"scroll","background-type":"","background-media":"","overlay-type":"","overlay-color":"","overlay-opacity":"","overlay-gradient":""},"tablet":{"background-color":"var(--ast-global-color-5)","background-image":"","background-repeat":"repeat","background-position":"center center","background-size":"auto","background-attachment":"scroll","background-type":"","background-media":"","overlay-type":"","overlay-color":"","overlay-opacity":"","overlay-gradient":""},"mobile":{"background-color":"var(--ast-global-color-5)","background-image":"","background-repeat":"repeat","background-position":"center center","background-size":"auto","background-attachment":"scroll","background-type":"","background-media":"","overlay-type":"","overlay-color":"","overlay-opacity":"","overlay-gradient":""}},"footnotes":""},"_links":{"self":[{"href":"http:\/\/promotionskolleg-migration.de\/de_de\/wp-json\/wp\/v2\/pages\/22"}],"collection":[{"href":"http:\/\/promotionskolleg-migration.de\/de_de\/wp-json\/wp\/v2\/pages"}],"about":[{"href":"http:\/\/promotionskolleg-migration.de\/de_de\/wp-json\/wp\/v2\/types\/page"}],"author":[{"embeddable":true,"href":"http:\/\/promotionskolleg-migration.de\/de_de\/wp-json\/wp\/v2\/users\/6"}],"replies":[{"embeddable":true,"href":"http:\/\/promotionskolleg-migration.de\/de_de\/wp-json\/wp\/v2\/comments?post=22"}],"version-history":[{"count":37,"href":"http:\/\/promotionskolleg-migration.de\/de_de\/wp-json\/wp\/v2\/pages\/22\/revisions"}],"predecessor-version":[{"id":1484,"href":"http:\/\/promotionskolleg-migration.de\/de_de\/wp-json\/wp\/v2\/pages\/22\/revisions\/1484"}],"wp:attachment":[{"href":"http:\/\/promotionskolleg-migration.de\/de_de\/wp-json\/wp\/v2\/media?parent=22"}],"curies":[{"name":"wp","href":"https:\/\/api.w.org\/{rel}","templated":true}]}}

<h5><strong><a href="https://promotionskolleg-migration.de/veranstaltungen-2/">Aktuelle Veranstaltungen</a></strong></h5>
<h2>Forschung</h2>

<p><strong>Struktur des Promotionskollegs – Forschungsziele und Ausrichtungen</strong></p>
<p>Die Bewältigung der Folgen von Migration und Flucht gehört national wie international zu den zentralen und drängenden Herausforderungen gegenwärtiger Gesellschaften, zu denen auch die Forschung einen unverzichtbaren Beitrag leistet. In dem Promotionskolleg – in dem die vier (Teil-)Disziplinen Soziologie/Sozialpsychologie, Erziehungswissenschaft/Bildungsforschung,  Psychologie/Kinder- und Jugendlichenanalyse, Medizin/Psychosomatik integriert werden –  sollen Fragen bearbeitet werden, die im Rahmen bisheriger Studien teils zu wenig, teils wenig systematisch in den Blick genommen wurden, insbesondere nicht in der hier konzipierten spezifischen Ausrichtung und transdisziplinären Anlage.</p>
<p> </p>
<p style="text-align: left;">Dabei begründet sich die Besonderheit dieses Designs</p>
<ol>
<li style="text-align: left;">in der systematischen Berücksichtigung der <em>psychosozialen und psychischen</em> Aspekte der mit Migration oder Flucht verbundenen Belastungen und Chancen sowie, damit zusammenhängend,</li>
<li style="text-align: left;">in der Fokussierung der <em>trans- oder intergenerationalen</em> <em>Dynamiken</em>, aus der heraus die Situation der adoleszenten Nachkommen von Migrant*innen erst differenziert analysiert werden kann – und zwar
<ul>
<li>mit Blick auf generationale Dimensionen psychischer Entwicklungen, adoleszenter Identitätsentwürfe und kultureller Positionierung junger Männer und Frauen in der Einwanderungsgesellschaft (Prof. Dr. Vera King)</li>
<li>mit Blick auf generationale Dimensionen von Bildungsverläufen und -prozessen der adoleszenten Töchter und Söhne aus Migrantenfamilien (Prof. Dr. Hans- Christoph Koller)</li>
<li>mit Blick auf generationale Dimensionen der adoleszenten Verarbeitung von Fluchterfahrungen und möglichen Traumata – unter Einbezug pädagogischer oder schulischer Settings (Prof. Dr. Patrick Meurs)</li>
<li>mit Blick auf generationale Dimensionen der Entstehung und Behandlung psychischer Belastungen, Erkrankungen oder psychosomatischer Störungen unter besonderer Berücksichtigung der Adoleszenz (Prof. Dr. Heinz Weiß)</li>
</ul>
</li>
<li style="text-align: left;">in einem insofern auch hinsichtlich der generationalen Dynamiken theoretisch wie methodologisch differenzierten Konzept <em>adoleszenter</em> Prozesse und Verläufe</li>
<li style="text-align: left;">in der Berücksichtigung der <em>Gemeinsamkeiten und Unterschiede von Migration und Flucht</em></li>
<li style="text-align: left;">in der zumeist vernachlässigten Differenzierung zwischen <em>migrations- </em>oder <em>fluchttypischen Herausforderungen und Belastungen </em>einerseits und <em>kultur</em>bezogenen Aspekten andererseits</li>
<li style="text-align: left;">in der <em>transdisziplinären</em> Verknüpfung der Perspektiven – insofern hier psychosoziale und psychische Entwicklungen, Bildung und Sozialisation adoleszenter junger Männer und Frauen sowie klinisch bedeutsame Entwicklungsprobleme und generationale Dynamiken aus sozialpsychologischer, bildungswissenschaftlicher, kinder- und jugendanalytischer sowie medizinisch-psychoanalytischer/psychosomatischer Sicht analysiert werden sollen.</li>
</ol>

<h4><strong><a href="https://promotionskolleg-migration.de/veranstaltungen-2/">Aktuelle Veranstaltungen</a></strong></h4>

<p>Aktuelle Veranstaltungen Forschung Struktur des Promotionskollegs – Forschungsziele und Ausrichtungen Die Bewältigung der Folgen von Migration und Flucht gehört national wie international zu den zentralen und drängenden Herausforderungen gegenwärtiger Gesellschaften, zu denen auch die Forschung einen unverzichtbaren Beitrag leistet. In dem Promotionskolleg – in dem die vier (Teil-)Disziplinen Soziologie/Sozialpsychologie, Erziehungswissenschaft/Bildungsforschung,  Psychologie/Kinder- und Jugendlichenanalyse, Medizin/Psychosomatik integriert [&hellip;]</p>
