{"id":629,"date":"2020-05-27T17:59:07","date_gmt":"2020-05-27T15:59:07","guid":{"rendered":"https:\/\/promotionskolleg-migration.de\/?page_id=629"},"modified":"2021-01-13T18:54:53","modified_gmt":"2021-01-13T17:54:53","slug":"irina-dannert","status":"publish","type":"page","link":"https:\/\/promotionskolleg-migration.de\/de_de\/ueber-uns\/stipendiatinnen\/irina-dannert\/","title":{"rendered":"Irina Dannert"},"content":{"rendered":"<p><a href=\"http:\/\/promotionskolleg-migration.de\/stipendiatinnen\">Zur\u00fcck zur \u00dcbersicht<\/a><\/p>\n<h6>\u00dcber uns &gt; Stipendiat*innen &gt; irina dannert<\/h6>\n<p><a href=\"https:\/\/promotionskolleg-migration.de\/veranstaltungen-2\/\">Aktuelle Veranstaltungen<\/a><\/p>\n<h2>Irina Dannert<\/h2>\n<h4><a href=\"https:\/\/promotionskolleg-migration.de\/stipendiatinnen\/\">Zur\u00fcck zur \u00dcbersicht<\/a><\/h4>\n<p>\t\t\t\t\t\t\t\t\t\t<img decoding=\"async\" width=\"139\" height=\"209\" data-src=\"https:\/\/promotionskolleg-migration.de\/wp-content\/uploads\/2020\/10\/irina-dannert_web.jpg\" alt=\"Irina Dannert Profil\" data-srcset=\"https:\/\/promotionskolleg-migration.de\/wp-content\/uploads\/2020\/10\/irina-dannert_web.jpg 139w, https:\/\/promotionskolleg-migration.de\/wp-content\/uploads\/2020\/10\/irina-dannert_web-8x12.jpg 8w\" data-sizes=\"(max-width: 139px) 100vw, 139px\" src=\"data:image\/svg+xml;base64,PHN2ZyB3aWR0aD0iMSIgaGVpZ2h0PSIxIiB4bWxucz0iaHR0cDovL3d3dy53My5vcmcvMjAwMC9zdmciPjwvc3ZnPg==\" class=\"lazyload\" style=\"--smush-placeholder-width: 139px; --smush-placeholder-aspect-ratio: 139\/209;\" \/>\t\t\t\t\t\t\t\t\t\t\t<\/p>\n<p><strong>Kontakt<\/strong><\/p>\n<p>Sigmund-Freud-Institut<br \/>Myliusstra\u00dfe 20<br \/>60323 Frankfurt am Main<br \/>Raum U.10<\/p>\n<p>\u00a0<\/p>\n<p>Tel.: 069 971204-153<br \/>Fax: 069 971204-4<\/p>\n<p>\u00a0<\/p>\n<p>E-Mail: <a href=\"mailto:dannert@sigmund-freud-institut.de\" target=\"_blank\" rel=\"noopener noreferrer\">dannert@sigmund-freud-institut.de<\/a><\/p>\n\n<h4><strong>Vita<\/strong><\/h4>\n<p>Seit 2016<br \/>Mitarbeiterin am Frankfurter Institut f\u00fcr Traumabearbeitung und Weiterbildung: Schwerpunkt Weiterbildung zum Thema Trauma und Leitung psychoedukativer Gruppen f\u00fcr junge Gefl\u00fcchtete<\/p>\n<p>\u00a0<\/p>\n<p>2016 bis 2018<br \/>Psychologin beim Hessischen Fl\u00fcchtlingsrat im Projekt Bleib in Hessen II, Schwerpunkt, Sensibilisierung von Arbeitsmarktakteuren zum Thema Trauma und Flucht<\/p>\n<p>\u00a0<\/p>\n<p>2014 bis 2015<br \/>Ausbildung in Traumap\u00e4dagogik \u2013 Fachkraft f\u00fcr die station\u00e4re und ambulante Betreuung traumatisierter Kinder und Jugendlicher<\/p>\n<p>\u00a0<\/p>\n<p>2012 bis 2016<\/p>\n<p>Masterstudium der klinischen Psychologie (M. Sc.) Goethe Universit\u00e4t Frankfurt<\/p>\n<p>\u00a0<\/p>\n<p>2009 bis 2012<br \/>Studium der Rehabilitationspsychologie (B. Sc.) Hochschule Magdeburg-Stendal, Abtlg. Stendal<\/p>\n<h4><strong>Forschungsschwerpunkte<\/strong><\/h4>\n<ul>\n<li>Migration, Flucht, Trauma<\/li>\n<li>Adoleszenz, Identit\u00e4t und transgenerationale Prozesse<\/li>\n<\/ul>\n<h4><strong>Forschungsprojekte<\/strong><\/h4>\n<h6><strong>Promotionskolleg:\u00a0Psychosoziale Folgen von Migration und Flucht \u2012 generationale Dynamiken und adoleszente Verl\u00e4ufe<\/strong><\/h6>\n<p>\u00a0<\/p>\n<p>Thema: Die Folgen von Flucht auf die Entwicklung von begleiteten adoleszenten Menschen mit Fluchterfahrungen und die Auswirkung auf die Familien<\/p>\n<h4><strong>Publikationen<\/strong><\/h4>\n<p>Rettenbach, R. &amp; Dannert. I. (2016) \u201eNetzgruppen\u201c. Beziehungsbasierte Psychoedukation f\u00fcr junge Menschen mit Fluchterfahrung. In I. Quindeau &amp; M. Rauwald (Hrsg.), \u00a0<em>Soziale Arbeit mit unbegleiteten minderj\u00e4hrigen Fl\u00fcchtlingen. Traumap\u00e4dagogische Konzepte f\u00fcr die Praxis\u00a0\u00a0<\/em>(S. 94-115). BELTZ-Juventa: Weinheim<\/p>\n<p>\u00a0<\/p>\n<p>Dannert, I.\u00a0 &amp; Mehranfard, H. (2016) Traumap\u00e4dagogik in der Praxis. Ein Boxprojekt f\u00fcr unbegleitete minderj\u00e4hrige Gefl\u00fcchtete. In I. Quindeau &amp; M. Rauwald (Hrsg<em>.),\u00a0 Soziale Arbeit mit unbegleiteten minderj\u00e4hrigen Fl\u00fcchtlingen. Traumap\u00e4dagogische Konzepte f\u00fcr die Praxis<\/em>\u00a0 (S. 94-115). BELTZ-Juventa: Weinheim<\/p>\n<h4><strong>Lehre<\/strong><\/h4>\n<p><strong>Wintersemester 2019\/2020<\/strong><\/p>\n<p><strong>Lehrbeauftragte der Evangelischen Hochschule Darmstadt University of Applied Sciences; Fachbereich: Soziale Arbeit<\/strong><\/p>\n<p>Thema: &#8222;Herausforderungen im Feld der sozialen Arbeit im Umgang mit Menschen mit Fluchterfahrungen &#8211; Ideen zur Traumap\u00e4dagogik und Stabilisierung&#8220;<\/p>\n<p>\u00a0<\/p>\n<p><strong>Sommersemester 2019<\/strong><\/p>\n<p><strong>Lehrbeauftragte der Evangelischen Hochschule Darmstadt University of Applied Sciences; Fachbereich: Soziale Arbeit<\/strong><\/p>\n<p>Thema: &#8222;Gewalt in der Familie gegen Frauen und Kinder: Traumata, Auswirkungen und Anforderungen an eine traumap\u00e4dagogische Soziale Arbeit&#8220;<\/p>\n<p>\u00a0<\/p>\n<p><strong>Wintersemester 2017\/2018<\/strong><\/p>\n<p><strong>Lehrbeauftragte der Evangelischen Hochschule Darmstadt University of Applied Sciences; <\/strong><strong>Fachbereich: Soziale Arbeit<\/strong><br \/>Thema: \u201eVersorgungssituation von unbegleiteten minderj\u00e4hrigen Fl\u00fcchtlingen und Anforderungen an die Soziale Arbeit mit Fokus auf Traumap\u00e4dagogik\u201c<\/p>\n<p>\u00a0<\/p>\n<p><strong>Wintersemester 2017\/2018<\/strong><\/p>\n<p><strong>Lehrbeauftragte der Evangelischen Hochschule Darmstadt University of Applied Sciences;<\/strong> <strong>Fachbereich: Studium f\u00fcr Schulgesundheitskr\u00e4fte<\/strong><br \/>Thema: \u201eTraumatisierung und Trauma-Folgest\u00f6rungen im Kindes-und Jugendalter; \u201eSchule als sicherer Ort f\u00fcr Kinder und Jugendliche mit Trauma-Folgest\u00f6rungen\u201c<\/p>\n<h4><strong><a href=\"https:\/\/promotionskolleg-migration.de\/veranstaltungen-2\/\">Aktuelle Veranstaltungen<\/a><\/strong><\/h4>\n","protected":false},"excerpt":{"rendered":"<p>Zur\u00fcck zur \u00dcbersicht \u00dcber uns &gt; Stipendiat*innen &gt; irina dannert Aktuelle Veranstaltungen Irina Dannert Zur\u00fcck zur \u00dcbersicht Kontakt Sigmund-Freud-InstitutMyliusstra\u00dfe 2060323 Frankfurt am MainRaum U.10 \u00a0 Tel.: 069 971204-153Fax: 069 971204-4 \u00a0 E-Mail: dannert@sigmund-freud-institut.de Vita Seit 2016Mitarbeiterin am Frankfurter Institut f\u00fcr Traumabearbeitung und Weiterbildung: Schwerpunkt Weiterbildung zum Thema Trauma und Leitung psychoedukativer Gruppen f\u00fcr junge Gefl\u00fcchtete [&hellip;]<\/p>\n","protected":false},"author":6,"featured_media":0,"parent":27,"menu_order":0,"comment_status":"closed","ping_status":"closed","template":"elementor_header_footer","meta":{"site-sidebar-layout":"no-sidebar","site-content-layout":"page-builder","ast-site-content-layout":"default","site-content-style":"default","site-sidebar-style":"default","ast-global-header-display":"","ast-banner-title-visibility":"","ast-main-header-display":"","ast-hfb-above-header-display":"","ast-hfb-below-header-display":"","ast-hfb-mobile-header-display":"","site-post-title":"disabled","ast-breadcrumbs-content":"","ast-featured-img":"disabled","footer-sml-layout":"","ast-disable-related-posts":"","theme-transparent-header-meta":"default","adv-header-id-meta":"","stick-header-meta":"","header-above-stick-meta":"","header-main-stick-meta":"","header-below-stick-meta":"","astra-migrate-meta-layouts":"default","ast-page-background-enabled":"default","ast-page-background-meta":{"desktop":{"background-color":"","background-image":"","background-repeat":"repeat","background-position":"center center","background-size":"auto","background-attachment":"scroll","background-type":"","background-media":"","overlay-type":"","overlay-color":"","overlay-opacity":"","overlay-gradient":""},"tablet":{"background-color":"","background-image":"","background-repeat":"repeat","background-position":"center center","background-size":"auto","background-attachment":"scroll","background-type":"","background-media":"","overlay-type":"","overlay-color":"","overlay-opacity":"","overlay-gradient":""},"mobile":{"background-color":"","background-image":"","background-repeat":"repeat","background-position":"center center","background-size":"auto","background-attachment":"scroll","background-type":"","background-media":"","overlay-type":"","overlay-color":"","overlay-opacity":"","overlay-gradient":""}},"ast-content-background-meta":{"desktop":{"background-color":"var(--ast-global-color-5)","background-image":"","background-repeat":"repeat","background-position":"center center","background-size":"auto","background-attachment":"scroll","background-type":"","background-media":"","overlay-type":"","overlay-color":"","overlay-opacity":"","overlay-gradient":""},"tablet":{"background-color":"var(--ast-global-color-5)","background-image":"","background-repeat":"repeat","background-position":"center center","background-size":"auto","background-attachment":"scroll","background-type":"","background-media":"","overlay-type":"","overlay-color":"","overlay-opacity":"","overlay-gradient":""},"mobile":{"background-color":"var(--ast-global-color-5)","background-image":"","background-repeat":"repeat","background-position":"center center","background-size":"auto","background-attachment":"scroll","background-type":"","background-media":"","overlay-type":"","overlay-color":"","overlay-opacity":"","overlay-gradient":""}},"footnotes":""},"_links":{"self":[{"href":"https:\/\/promotionskolleg-migration.de\/de_de\/wp-json\/wp\/v2\/pages\/629"}],"collection":[{"href":"https:\/\/promotionskolleg-migration.de\/de_de\/wp-json\/wp\/v2\/pages"}],"about":[{"href":"https:\/\/promotionskolleg-migration.de\/de_de\/wp-json\/wp\/v2\/types\/page"}],"author":[{"embeddable":true,"href":"https:\/\/promotionskolleg-migration.de\/de_de\/wp-json\/wp\/v2\/users\/6"}],"replies":[{"embeddable":true,"href":"https:\/\/promotionskolleg-migration.de\/de_de\/wp-json\/wp\/v2\/comments?post=629"}],"version-history":[{"count":16,"href":"https:\/\/promotionskolleg-migration.de\/de_de\/wp-json\/wp\/v2\/pages\/629\/revisions"}],"predecessor-version":[{"id":1233,"href":"https:\/\/promotionskolleg-migration.de\/de_de\/wp-json\/wp\/v2\/pages\/629\/revisions\/1233"}],"up":[{"embeddable":true,"href":"https:\/\/promotionskolleg-migration.de\/de_de\/wp-json\/wp\/v2\/pages\/27"}],"wp:attachment":[{"href":"https:\/\/promotionskolleg-migration.de\/de_de\/wp-json\/wp\/v2\/media?parent=629"}],"curies":[{"name":"wp","href":"https:\/\/api.w.org\/{rel}","templated":true}]}}

<p><a href="http://promotionskolleg-migration.de/stipendiatinnen">Zurück zur Übersicht</a></p>
<h6>Über uns &gt; Stipendiat*innen &gt; irina dannert</h6>
<p><a href="https://promotionskolleg-migration.de/veranstaltungen-2/">Aktuelle Veranstaltungen</a></p>
<h2>Irina Dannert</h2>
<h4><a href="https://promotionskolleg-migration.de/stipendiatinnen/">Zurück zur Übersicht</a></h4>
<p>										<img decoding="async" width="139" height="209" data-src="https://promotionskolleg-migration.de/wp-content/uploads/2020/10/irina-dannert_web.jpg" alt="Irina Dannert Profil" data-srcset="https://promotionskolleg-migration.de/wp-content/uploads/2020/10/irina-dannert_web.jpg 139w, https://promotionskolleg-migration.de/wp-content/uploads/2020/10/irina-dannert_web-8x12.jpg 8w" data-sizes="(max-width: 139px) 100vw, 139px" src="data:image/svg+xml;base64,PHN2ZyB3aWR0aD0iMSIgaGVpZ2h0PSIxIiB4bWxucz0iaHR0cDovL3d3dy53My5vcmcvMjAwMC9zdmciPjwvc3ZnPg==" class="lazyload" style="--smush-placeholder-width: 139px; --smush-placeholder-aspect-ratio: 139/209;" />											</p>
<p><strong>Kontakt</strong></p>
<p>Sigmund-Freud-Institut<br />Myliusstraße 20<br />60323 Frankfurt am Main<br />Raum U.10</p>
<p> </p>
<p>Tel.: 069 971204-153<br />Fax: 069 971204-4</p>
<p> </p>
<p>E-Mail: <a href="mailto:dannert@sigmund-freud-institut.de" target="_blank" rel="noopener noreferrer">dannert@sigmund-freud-institut.de</a></p>

<h4><strong>Vita</strong></h4>
<p>Seit 2016<br />Mitarbeiterin am Frankfurter Institut für Traumabearbeitung und Weiterbildung: Schwerpunkt Weiterbildung zum Thema Trauma und Leitung psychoedukativer Gruppen für junge Geflüchtete</p>
<p> </p>
<p>2016 bis 2018<br />Psychologin beim Hessischen Flüchtlingsrat im Projekt Bleib in Hessen II, Schwerpunkt, Sensibilisierung von Arbeitsmarktakteuren zum Thema Trauma und Flucht</p>
<p> </p>
<p>2014 bis 2015<br />Ausbildung in Traumapädagogik – Fachkraft für die stationäre und ambulante Betreuung traumatisierter Kinder und Jugendlicher</p>
<p> </p>
<p>2012 bis 2016</p>
<p>Masterstudium der klinischen Psychologie (M. Sc.) Goethe Universität Frankfurt</p>
<p> </p>
<p>2009 bis 2012<br />Studium der Rehabilitationspsychologie (B. Sc.) Hochschule Magdeburg-Stendal, Abtlg. Stendal</p>
<h4><strong>Forschungsschwerpunkte</strong></h4>
<ul>
<li>Migration, Flucht, Trauma</li>
<li>Adoleszenz, Identität und transgenerationale Prozesse</li>
</ul>
<h4><strong>Forschungsprojekte</strong></h4>
<h6><strong>Promotionskolleg: Psychosoziale Folgen von Migration und Flucht ‒ generationale Dynamiken und adoleszente Verläufe</strong></h6>
<p> </p>
<p>Thema: Die Folgen von Flucht auf die Entwicklung von begleiteten adoleszenten Menschen mit Fluchterfahrungen und die Auswirkung auf die Familien</p>
<h4><strong>Publikationen</strong></h4>
<p>Rettenbach, R. &amp; Dannert. I. (2016) „Netzgruppen“. Beziehungsbasierte Psychoedukation für junge Menschen mit Fluchterfahrung. In I. Quindeau &amp; M. Rauwald (Hrsg.),  <em>Soziale Arbeit mit unbegleiteten minderjährigen Flüchtlingen. Traumapädagogische Konzepte für die Praxis  </em>(S. 94-115). BELTZ-Juventa: Weinheim</p>
<p> </p>
<p>Dannert, I.  &amp; Mehranfard, H. (2016) Traumapädagogik in der Praxis. Ein Boxprojekt für unbegleitete minderjährige Geflüchtete. In I. Quindeau &amp; M. Rauwald (Hrsg<em>.),  Soziale Arbeit mit unbegleiteten minderjährigen Flüchtlingen. Traumapädagogische Konzepte für die Praxis</em>  (S. 94-115). BELTZ-Juventa: Weinheim</p>
<h4><strong>Lehre</strong></h4>
<p><strong>Wintersemester 2019/2020</strong></p>
<p><strong>Lehrbeauftragte der Evangelischen Hochschule Darmstadt University of Applied Sciences; Fachbereich: Soziale Arbeit</strong></p>
<p>Thema: &#8222;Herausforderungen im Feld der sozialen Arbeit im Umgang mit Menschen mit Fluchterfahrungen &#8211; Ideen zur Traumapädagogik und Stabilisierung&#8220;</p>
<p> </p>
<p><strong>Sommersemester 2019</strong></p>
<p><strong>Lehrbeauftragte der Evangelischen Hochschule Darmstadt University of Applied Sciences; Fachbereich: Soziale Arbeit</strong></p>
<p>Thema: &#8222;Gewalt in der Familie gegen Frauen und Kinder: Traumata, Auswirkungen und Anforderungen an eine traumapädagogische Soziale Arbeit&#8220;</p>
<p> </p>
<p><strong>Wintersemester 2017/2018</strong></p>
<p><strong>Lehrbeauftragte der Evangelischen Hochschule Darmstadt University of Applied Sciences; </strong><strong>Fachbereich: Soziale Arbeit</strong><br />Thema: „Versorgungssituation von unbegleiteten minderjährigen Flüchtlingen und Anforderungen an die Soziale Arbeit mit Fokus auf Traumapädagogik“</p>
<p> </p>
<p><strong>Wintersemester 2017/2018</strong></p>
<p><strong>Lehrbeauftragte der Evangelischen Hochschule Darmstadt University of Applied Sciences;</strong> <strong>Fachbereich: Studium für Schulgesundheitskräfte</strong><br />Thema: „Traumatisierung und Trauma-Folgestörungen im Kindes-und Jugendalter; „Schule als sicherer Ort für Kinder und Jugendliche mit Trauma-Folgestörungen“</p>
<h4><strong><a href="https://promotionskolleg-migration.de/veranstaltungen-2/">Aktuelle Veranstaltungen</a></strong></h4>

<p>Zurück zur Übersicht Über uns &gt; Stipendiat*innen &gt; irina dannert Aktuelle Veranstaltungen Irina Dannert Zurück zur Übersicht Kontakt Sigmund-Freud-InstitutMyliusstraße 2060323 Frankfurt am MainRaum U.10   Tel.: 069 971204-153Fax: 069 971204-4   E-Mail: dannert@sigmund-freud-institut.de Vita Seit 2016Mitarbeiterin am Frankfurter Institut für Traumabearbeitung und Weiterbildung: Schwerpunkt Weiterbildung zum Thema Trauma und Leitung psychoedukativer Gruppen für junge Geflüchtete [&hellip;]</p>
