{"id":923,"date":"2020-07-08T19:12:29","date_gmt":"2020-07-08T17:12:29","guid":{"rendered":"https:\/\/promotionskolleg-migration.de\/?page_id=923"},"modified":"2021-01-13T18:09:47","modified_gmt":"2021-01-13T17:09:47","slug":"simon-heyny","status":"publish","type":"page","link":"https:\/\/promotionskolleg-migration.de\/de_de\/ueber-uns\/stipendiatinnen\/simon-heyny\/","title":{"rendered":"Simon Heyny"},"content":{"rendered":"<p><a href=\"http:\/\/promotionskolleg-migration.de\/stipendiatinnen\">Zur\u00fcck zur \u00dcbersicht<\/a><\/p>\n<h6>\u00dcber uns &gt; Stipendiat*innen &gt; Simon Heyny<\/h6>\n<p><a href=\"https:\/\/promotionskolleg-migration.de\/veranstaltungen-2\/\">Aktuelle Veranstaltungen<\/a><\/p>\n<h1>Simon Heyny<\/h1>\n<h4><a href=\"https:\/\/promotionskolleg-migration.de\/stipendiatinnen\/\">Zur\u00fcck zur \u00dcbersicht<\/a><\/h4>\n<p><strong>Kontakt<\/strong><\/p>\n<p>Sigmund-Freud-Institut<br \/>Myliusstra\u00dfe 20<br \/>60323 Frankfurt am Main<br \/>Raum U.09<\/p>\n<p>\u00a0<\/p>\n<p>Telefon: 069 971204-153<br \/>Telefax: 069 971204-4<\/p>\n<p>\u00a0<\/p>\n<p>E-Mail: <a href=\"mailto:heyny@sigmund-freud-Institut.de\">heyny@sigmund-freud-Institut.de<\/a><\/p>\n\n<h4><strong>Portrait<\/strong><\/h4>\n<p><em><strong>2020 <\/strong><\/em><\/p>\n<p>Promotionsstipendiat der Hans-B\u00f6ckler-Stiftung im Promotionskolleg \u201ePsychosoziale Folgen von Migration und Flucht\u201c<\/p>\n<p>\u00a0<\/p>\n<p>Wissenschaftliche Hilfskraft an der Goethe Universit\u00e4t Frankfurt\/Main, Fachbereich Gesellschaftswissenschaften, Institut f\u00fcr Soziologie, Lehrstuhl f\u00fcr Soziologie und Sozialpsychologie (Prof. Vera King)<\/p>\n<p>\u00a0<\/p>\n<p><em><strong>2019<\/strong><\/em><\/p>\n<p>Abschluss Masterstudium Philosophie (Goethe Universit\u00e4t Frankfurt\/Main)<\/p>\n<p>\u00a0<\/p>\n<p><em><strong>2017 <\/strong><\/em><\/p>\n<p>Studentische Hilfskraft an der Goethe Universit\u00e4t Frankfurt\/Main, Institut f\u00fcr Philosophie<\/p>\n<p>\u00a0<\/p>\n<p><em><strong>2015-2016 <\/strong><\/em><\/p>\n<p>Praktikant, studentischer Projektmitarbeiter und Gastwissenschaftler am Sigmund-Freud-Institut<\/p>\n<p>\u00a0<\/p>\n<p><em><strong>2013 <\/strong><\/em><\/p>\n<p>Leistungsstipendiat der Universit\u00e4t Wien<\/p>\n<h4><strong>Forschungsschwerpunkte<\/strong><\/h4>\n<ul>\n<li style=\"box-sizing: inherit;\">\n<p>Psychoanalytische Sozialpsychologie<\/p>\n<\/li>\n<li style=\"box-sizing: inherit;\">\n<p>Kritische Theorie<\/p>\n<\/li>\n<li style=\"box-sizing: inherit;\">\n<p>Theoretische Psychoanalyse<\/p>\n<\/li>\n<li style=\"box-sizing: inherit;\">\n<p>Tiefenhermeneutik<\/p>\n<\/li>\n<li style=\"box-sizing: inherit;\">\n<p>Migration<\/p>\n<\/li>\n<\/ul>\n<h4><strong>Forschungsprojekte<\/strong><\/h4>\n<ul>\n<li>\n<p>Dissertationsprojekt: \u201ePsyche, Gesellschaft und Kritik. Ein soziologisch-sozialpsychologisch-psychoanalytisches Modell der Kritik.\u201c<\/p>\n<\/li>\n<\/ul>\n<h4><strong>Lehre<\/strong><\/h4>\n<p><em>SoSe 2020<\/em><\/p>\n<p>Mitarbeit im Seminar \u201eDigitalisierung und Sozialpsychologie\u201c (Leitung Prof. Vera King)<\/p>\n<p>\u00a0<\/p>\n<p><em>SoSe 2017 <\/em><\/p>\n<p>Tutorium \u201eLorenzers Psychoanalyse als Sozialwissenschaft\u201c<\/p>\n<h4><strong>Workshops\/Vortr\u00e4ge<\/strong><\/h4>\n<p>2018 Vortrag: \u201ePsyche und Gesellschaft. Die Dialektik von Natur und Kultur in der Sozialisationstheorie Alfred Lorenzers\u201c Vortragsreihe \u201ePsychoanalytische Arbeiten &#8211; Arbeit mit der Psychoanalyse\u201c, Goethe-Universit\u00e4t Frankfurt\/Main<\/p>\n<p>\u00a0<\/p>\n<p>2018 Vortrag: \u201ePaul Ricoeur &#8211; Was f\u00fcr eine Wissenschaft ist die Psychoanalyse?\u201c Literaturkreis der Arbeitsgruppe Neuropsychoanalyse am Sigmund-Freud-Institut<\/p>\n<p>\u00a0<\/p>\n<p>2016 Workshop: \u201eDas Fremde aus Sicht der Psychoanalyse\u201c (mit Marie-Sophie L\u00f6hlein), Phantastische Bibliothek Wetzlar<\/p>\n<p>\u00a0<\/p>\n<p>2016 Workshop: \u201eDas Fremde in der Psychoanalyse\u201c (mit Marie-Sophie L\u00f6hlein), Volkshochschule Frankfurt\/Main<\/p>\n<h4><strong>Publikationen<\/strong><\/h4>\n<p>\u201eBorderliner: Germany. Zwischen Willkommenskultur und U\u0308berfremdungspanik\u201c, in: Werkblatt, 33\/76, 2016, S. 23-43 (mit Marie-Sophie Lo\u0308hlein)<\/p>\n<h4><strong><a href=\"https:\/\/promotionskolleg-migration.de\/veranstaltungen-2\/\">Aktuelle Veranstaltungen<\/a><\/strong><\/h4>\n","protected":false},"excerpt":{"rendered":"<p>Zur\u00fcck zur \u00dcbersicht \u00dcber uns &gt; Stipendiat*innen &gt; Simon Heyny Aktuelle Veranstaltungen Simon Heyny Zur\u00fcck zur \u00dcbersicht Kontakt Sigmund-Freud-InstitutMyliusstra\u00dfe 2060323 Frankfurt am MainRaum U.09 \u00a0 Telefon: 069 971204-153Telefax: 069 971204-4 \u00a0 E-Mail: heyny@sigmund-freud-Institut.de Portrait 2020 Promotionsstipendiat der Hans-B\u00f6ckler-Stiftung im Promotionskolleg \u201ePsychosoziale Folgen von Migration und Flucht\u201c \u00a0 Wissenschaftliche Hilfskraft an der Goethe Universit\u00e4t Frankfurt\/Main, Fachbereich [&hellip;]<\/p>\n","protected":false},"author":6,"featured_media":0,"parent":27,"menu_order":0,"comment_status":"closed","ping_status":"closed","template":"elementor_header_footer","meta":{"site-sidebar-layout":"no-sidebar","site-content-layout":"page-builder","ast-site-content-layout":"default","site-content-style":"default","site-sidebar-style":"default","ast-global-header-display":"","ast-banner-title-visibility":"","ast-main-header-display":"","ast-hfb-above-header-display":"","ast-hfb-below-header-display":"","ast-hfb-mobile-header-display":"","site-post-title":"disabled","ast-breadcrumbs-content":"","ast-featured-img":"disabled","footer-sml-layout":"","ast-disable-related-posts":"","theme-transparent-header-meta":"default","adv-header-id-meta":"","stick-header-meta":"","header-above-stick-meta":"","header-main-stick-meta":"","header-below-stick-meta":"","astra-migrate-meta-layouts":"default","ast-page-background-enabled":"default","ast-page-background-meta":{"desktop":{"background-color":"","background-image":"","background-repeat":"repeat","background-position":"center center","background-size":"auto","background-attachment":"scroll","background-type":"","background-media":"","overlay-type":"","overlay-color":"","overlay-opacity":"","overlay-gradient":""},"tablet":{"background-color":"","background-image":"","background-repeat":"repeat","background-position":"center center","background-size":"auto","background-attachment":"scroll","background-type":"","background-media":"","overlay-type":"","overlay-color":"","overlay-opacity":"","overlay-gradient":""},"mobile":{"background-color":"","background-image":"","background-repeat":"repeat","background-position":"center center","background-size":"auto","background-attachment":"scroll","background-type":"","background-media":"","overlay-type":"","overlay-color":"","overlay-opacity":"","overlay-gradient":""}},"ast-content-background-meta":{"desktop":{"background-color":"var(--ast-global-color-5)","background-image":"","background-repeat":"repeat","background-position":"center center","background-size":"auto","background-attachment":"scroll","background-type":"","background-media":"","overlay-type":"","overlay-color":"","overlay-opacity":"","overlay-gradient":""},"tablet":{"background-color":"var(--ast-global-color-5)","background-image":"","background-repeat":"repeat","background-position":"center center","background-size":"auto","background-attachment":"scroll","background-type":"","background-media":"","overlay-type":"","overlay-color":"","overlay-opacity":"","overlay-gradient":""},"mobile":{"background-color":"var(--ast-global-color-5)","background-image":"","background-repeat":"repeat","background-position":"center center","background-size":"auto","background-attachment":"scroll","background-type":"","background-media":"","overlay-type":"","overlay-color":"","overlay-opacity":"","overlay-gradient":""}},"footnotes":""},"_links":{"self":[{"href":"https:\/\/promotionskolleg-migration.de\/de_de\/wp-json\/wp\/v2\/pages\/923"}],"collection":[{"href":"https:\/\/promotionskolleg-migration.de\/de_de\/wp-json\/wp\/v2\/pages"}],"about":[{"href":"https:\/\/promotionskolleg-migration.de\/de_de\/wp-json\/wp\/v2\/types\/page"}],"author":[{"embeddable":true,"href":"https:\/\/promotionskolleg-migration.de\/de_de\/wp-json\/wp\/v2\/users\/6"}],"replies":[{"embeddable":true,"href":"https:\/\/promotionskolleg-migration.de\/de_de\/wp-json\/wp\/v2\/comments?post=923"}],"version-history":[{"count":11,"href":"https:\/\/promotionskolleg-migration.de\/de_de\/wp-json\/wp\/v2\/pages\/923\/revisions"}],"predecessor-version":[{"id":1228,"href":"https:\/\/promotionskolleg-migration.de\/de_de\/wp-json\/wp\/v2\/pages\/923\/revisions\/1228"}],"up":[{"embeddable":true,"href":"https:\/\/promotionskolleg-migration.de\/de_de\/wp-json\/wp\/v2\/pages\/27"}],"wp:attachment":[{"href":"https:\/\/promotionskolleg-migration.de\/de_de\/wp-json\/wp\/v2\/media?parent=923"}],"curies":[{"name":"wp","href":"https:\/\/api.w.org\/{rel}","templated":true}]}}

<p><a href="http://promotionskolleg-migration.de/stipendiatinnen">Zurück zur Übersicht</a></p>
<h6>Über uns &gt; Stipendiat*innen &gt; Simon Heyny</h6>
<p><a href="https://promotionskolleg-migration.de/veranstaltungen-2/">Aktuelle Veranstaltungen</a></p>
<h1>Simon Heyny</h1>
<h4><a href="https://promotionskolleg-migration.de/stipendiatinnen/">Zurück zur Übersicht</a></h4>
<p><strong>Kontakt</strong></p>
<p>Sigmund-Freud-Institut<br />Myliusstraße 20<br />60323 Frankfurt am Main<br />Raum U.09</p>
<p> </p>
<p>Telefon: 069 971204-153<br />Telefax: 069 971204-4</p>
<p> </p>
<p>E-Mail: <a href="mailto:heyny@sigmund-freud-Institut.de">heyny@sigmund-freud-Institut.de</a></p>

<h4><strong>Portrait</strong></h4>
<p><em><strong>2020 </strong></em></p>
<p>Promotionsstipendiat der Hans-Böckler-Stiftung im Promotionskolleg „Psychosoziale Folgen von Migration und Flucht“</p>
<p> </p>
<p>Wissenschaftliche Hilfskraft an der Goethe Universität Frankfurt/Main, Fachbereich Gesellschaftswissenschaften, Institut für Soziologie, Lehrstuhl für Soziologie und Sozialpsychologie (Prof. Vera King)</p>
<p> </p>
<p><em><strong>2019</strong></em></p>
<p>Abschluss Masterstudium Philosophie (Goethe Universität Frankfurt/Main)</p>
<p> </p>
<p><em><strong>2017 </strong></em></p>
<p>Studentische Hilfskraft an der Goethe Universität Frankfurt/Main, Institut für Philosophie</p>
<p> </p>
<p><em><strong>2015-2016 </strong></em></p>
<p>Praktikant, studentischer Projektmitarbeiter und Gastwissenschaftler am Sigmund-Freud-Institut</p>
<p> </p>
<p><em><strong>2013 </strong></em></p>
<p>Leistungsstipendiat der Universität Wien</p>
<h4><strong>Forschungsschwerpunkte</strong></h4>
<ul>
<li style="box-sizing: inherit;">
<p>Psychoanalytische Sozialpsychologie</p>
</li>
<li style="box-sizing: inherit;">
<p>Kritische Theorie</p>
</li>
<li style="box-sizing: inherit;">
<p>Theoretische Psychoanalyse</p>
</li>
<li style="box-sizing: inherit;">
<p>Tiefenhermeneutik</p>
</li>
<li style="box-sizing: inherit;">
<p>Migration</p>
</li>
</ul>
<h4><strong>Forschungsprojekte</strong></h4>
<ul>
<li>
<p>Dissertationsprojekt: „Psyche, Gesellschaft und Kritik. Ein soziologisch-sozialpsychologisch-psychoanalytisches Modell der Kritik.“</p>
</li>
</ul>
<h4><strong>Lehre</strong></h4>
<p><em>SoSe 2020</em></p>
<p>Mitarbeit im Seminar „Digitalisierung und Sozialpsychologie“ (Leitung Prof. Vera King)</p>
<p> </p>
<p><em>SoSe 2017 </em></p>
<p>Tutorium „Lorenzers Psychoanalyse als Sozialwissenschaft“</p>
<h4><strong>Workshops/Vorträge</strong></h4>
<p>2018 Vortrag: „Psyche und Gesellschaft. Die Dialektik von Natur und Kultur in der Sozialisationstheorie Alfred Lorenzers“ Vortragsreihe „Psychoanalytische Arbeiten &#8211; Arbeit mit der Psychoanalyse“, Goethe-Universität Frankfurt/Main</p>
<p> </p>
<p>2018 Vortrag: „Paul Ricoeur &#8211; Was für eine Wissenschaft ist die Psychoanalyse?“ Literaturkreis der Arbeitsgruppe Neuropsychoanalyse am Sigmund-Freud-Institut</p>
<p> </p>
<p>2016 Workshop: „Das Fremde aus Sicht der Psychoanalyse“ (mit Marie-Sophie Löhlein), Phantastische Bibliothek Wetzlar</p>
<p> </p>
<p>2016 Workshop: „Das Fremde in der Psychoanalyse“ (mit Marie-Sophie Löhlein), Volkshochschule Frankfurt/Main</p>
<h4><strong>Publikationen</strong></h4>
<p>„Borderliner: Germany. Zwischen Willkommenskultur und Überfremdungspanik“, in: Werkblatt, 33/76, 2016, S. 23-43 (mit Marie-Sophie Löhlein)</p>
<h4><strong><a href="https://promotionskolleg-migration.de/veranstaltungen-2/">Aktuelle Veranstaltungen</a></strong></h4>

<p>Zurück zur Übersicht Über uns &gt; Stipendiat*innen &gt; Simon Heyny Aktuelle Veranstaltungen Simon Heyny Zurück zur Übersicht Kontakt Sigmund-Freud-InstitutMyliusstraße 2060323 Frankfurt am MainRaum U.09   Telefon: 069 971204-153Telefax: 069 971204-4   E-Mail: heyny@sigmund-freud-Institut.de Portrait 2020 Promotionsstipendiat der Hans-Böckler-Stiftung im Promotionskolleg „Psychosoziale Folgen von Migration und Flucht“   Wissenschaftliche Hilfskraft an der Goethe Universität Frankfurt/Main, Fachbereich [&hellip;]</p>
