{"id":1383,"date":"2021-01-13T12:08:56","date_gmt":"2021-01-13T11:08:56","guid":{"rendered":"https:\/\/promotionskolleg-migration.de\/?page_id=1383"},"modified":"2021-01-13T18:55:21","modified_gmt":"2021-01-13T17:55:21","slug":"luisa-wirth","status":"publish","type":"page","link":"https:\/\/promotionskolleg-migration.de\/en\/ueber-uns\/stipendiatinnen\/luisa-wirth\/","title":{"rendered":"Luisa Wirth"},"content":{"rendered":"<p><a href=\"http:\/\/promotionskolleg-migration.de\/en\/stipendiatinnen\/\">Back to Overview<\/a><\/p>\n<h6>\u00dcber uns &gt; Stipendiat*innen &gt; luisa Wirth<\/h6>\n<p><a href=\"https:\/\/promotionskolleg-migration.de\/en\/veranstaltungen-2\/\">Current Events<\/a><\/p>\n<h2>Luisa Wirth<\/h2>\n<h4><a href=\"https:\/\/promotionskolleg-migration.de\/en\/stipendiatinnen\/\">Back to Overview<\/a><\/h4>\n<p><strong>Contact<\/strong><\/p>\n<p>Sigmund Freud Institute<br \/>Myliusstra\u00dfe 20<br \/>60323 Frankfurt am Main<br \/>Room U.11<\/p>\n<p>\u00a0<\/p>\n<p>Tel. 069 971204-154<br \/>Fax 069 971204-4<\/p>\n<p>E-Mail: <a href=\"mailto:wirth@sigmund-freud-institut.de\" target=\"_blank\" rel=\"noopener\">wirth@sigmund-freud-institut.de<\/a><\/p>\n\n<h4><strong>Vita<\/strong><\/h4>\n<p><strong>Since 2021<\/strong><\/p>\n<p>Promotionsvorhaben im Promotionskolleg &#8222;Psychosoziale Folgen von Migration und Flucht &#8211; generationale Dynamiken und adoleszente Verl\u00e4ufe&#8220; zum Thema der subjektiven Krankheitstheorien bei adoleszenten Migrant:innen der ersten und zweiten Generation mit Borderline-Pers\u00f6nlichkeitsproblematiken<\/p>\n<p>\u00a0<\/p>\n<p><strong>2019 &#8211; 2020\u00a0<\/strong><\/p>\n<p>Coach at a social educational institution in Offenbach<\/p>\n<p>\u00a0<\/p>\n<p><strong>2016 &#8211; 2019<\/strong><\/p>\n<p>Master of Science in psychology at the University of Klagenfurt\/Celovec (Austria) with focus on clinical psychology, health psychology and psychotherapy &amp; feminist sciences and gender studies<\/p>\n<p>\u00a0<\/p>\n<p><strong>2017<\/strong><\/p>\n<p>Master's internship at the Chair of Psychoanalysis at Goethe University Frankfurt with Professor Tilmann Habermas<\/p>\n<p>\u00a0<\/p>\n<p><strong>2016\u00a0<\/strong><\/p>\n<p>Six-month internship at City University, London (United Kingdom), with Professor Carla Willig in the field of qualitative research<\/p>\n<p>\u00a0<\/p>\n<p><strong>2012 &#8211; 2016<\/strong><\/p>\n<p>Bachelor of Science in Psychology at the University of Potsdam and the Free University Berlin<\/p>\n<p>\u00a0<\/p>\n<p><strong>2014<\/strong><\/p>\n<p>Bachelor's internship at the Institute for Trauma Therapy with Oliver Schubbe in Berlin<\/p>\n<p>\u00a0<\/p>\n<p><strong>2011 &#8211; 2012<\/strong><\/p>\n<p>Studies in Journalism and Communication Science (B.A.) at the Free University Berlin for two semesters<\/p>\n<h4><strong>Research Focus<\/strong><\/h4>\n<ul>\n<li style=\"box-sizing: inherit;\">Qualitative research methodology: IPA, psychoanalytic text interpretation, grounded theory<\/li>\n<li style=\"box-sizing: inherit;\">Psychoanalytic research<\/li>\n<li style=\"box-sizing: inherit;\">Participatory research approaches (photo elicitation method)<\/li>\n<li style=\"box-sizing: inherit;\">Transgenerational dynamics &amp; transmission of trauma<\/li>\n<li style=\"box-sizing: inherit;\">Migration &amp; discrimination<\/li>\n<li style=\"box-sizing: inherit;\">Subjective theories of disease<\/li>\n<\/ul>\n<h4><strong>Research Projects<\/strong><\/h4>\n<ul>\n<li style=\"box-sizing: inherit; font-size: 16px;\">Promotion im Promotionskolleg &#8222;Psychosoziale Folgen von Migration und\u00a0Flucht &#8211; generationale Dynamiken und adoleszente Verl\u00e4ufe&#8220; zum Thema\u00a0&#8222;Subjektive Krankheitstheorien bei\u00a0adoleszenten Migrant:innen der ersten<br \/>und zweiten Generation mit Borderline-Pers\u00f6nlichkeitsproblematiken&#8220;<\/li>\n<li style=\"box-sizing: inherit; font-size: 16px;\">Masterarbeit an der Universit\u00e4t Klagenfurt\/Celovec zum Thema &#8222;Transgenerationale Weitergabe von Traumatisierungen bei K\u00e4rntner Slowen:innen&#8220;<\/li>\n<li style=\"box-sizing: inherit; font-size: 16px;\">Metasynthese im Rahmen eines Praktikums an der City University, London, zum Thema &#8222;Gelebte Erfahrung von t\u00f6dlich erkrankten Krebspatient:innen&#8220;<\/li>\n<\/ul>\n<h4><strong>Publications<\/strong><\/h4>\n<p>Willig, C., &amp; Wirth, L. (2018). A meta-synthesis of studies of patients\u2019 experience of living with terminal cancer.\u00a0<em>Health Psychology, 37<\/em>(3), 228\u2013237.\u00a0<a href=\"https:\/\/psycnet.apa.org\/doi\/10.1037\/hea0000581\" target=\"_blank\" rel=\"noopener\">https:\/\/doi.org\/10.1037\/hea0000581<\/a><\/p>\n<p>\u00a0<\/p>\n<p>Willig, C., &amp; Wirth, L. (2019). Liminality as a dimension of the experience of living with terminal cancer.\u00a0Palliative and Supportive Care,\u00a017(3), 333-337. doi:10.1017\/S1478951518000536<\/p>\n<h4><strong><a href=\"https:\/\/promotionskolleg-migration.de\/en\/veranstaltungen-2\/\">Current Events<\/a><\/strong><\/h4>","protected":false},"excerpt":{"rendered":"<p>Zur\u00fcck zur \u00dcbersicht \u00dcber uns &gt; Stipendiat*innen &gt; luisa Wirth Aktuelle Veranstaltungen Luisa Wirth Zur\u00fcck zur \u00dcbersicht Kontakt Sigmund-Freud-InstitutMyliusstra\u00dfe 2060323 Frankfurt am MainRaum U.11 \u00a0 Telefon 069 971204-154Telefax 069 971204-4 E-Mail: wirth@sigmund-freud-institut.de Vita Seit 2021 Promotionsvorhaben im Promotionskolleg &#8222;Psychosoziale Folgen von Migration und Flucht &#8211; generationale Dynamiken und adoleszente Verl\u00e4ufe&#8220; zum Thema der subjektiven Krankheitstheorien [&hellip;]<\/p>\n","protected":false},"author":6,"featured_media":0,"parent":27,"menu_order":0,"comment_status":"closed","ping_status":"closed","template":"elementor_header_footer","meta":{"site-sidebar-layout":"no-sidebar","site-content-layout":"page-builder","ast-site-content-layout":"default","site-content-style":"default","site-sidebar-style":"default","ast-global-header-display":"","ast-banner-title-visibility":"","ast-main-header-display":"","ast-hfb-above-header-display":"","ast-hfb-below-header-display":"","ast-hfb-mobile-header-display":"","site-post-title":"disabled","ast-breadcrumbs-content":"","ast-featured-img":"disabled","footer-sml-layout":"","ast-disable-related-posts":"","theme-transparent-header-meta":"default","adv-header-id-meta":"","stick-header-meta":"","header-above-stick-meta":"","header-main-stick-meta":"","header-below-stick-meta":"","astra-migrate-meta-layouts":"default","ast-page-background-enabled":"default","ast-page-background-meta":{"desktop":{"background-color":"","background-image":"","background-repeat":"repeat","background-position":"center center","background-size":"auto","background-attachment":"scroll","background-type":"","background-media":"","overlay-type":"","overlay-color":"","overlay-opacity":"","overlay-gradient":""},"tablet":{"background-color":"","background-image":"","background-repeat":"repeat","background-position":"center center","background-size":"auto","background-attachment":"scroll","background-type":"","background-media":"","overlay-type":"","overlay-color":"","overlay-opacity":"","overlay-gradient":""},"mobile":{"background-color":"","background-image":"","background-repeat":"repeat","background-position":"center center","background-size":"auto","background-attachment":"scroll","background-type":"","background-media":"","overlay-type":"","overlay-color":"","overlay-opacity":"","overlay-gradient":""}},"ast-content-background-meta":{"desktop":{"background-color":"var(--ast-global-color-5)","background-image":"","background-repeat":"repeat","background-position":"center center","background-size":"auto","background-attachment":"scroll","background-type":"","background-media":"","overlay-type":"","overlay-color":"","overlay-opacity":"","overlay-gradient":""},"tablet":{"background-color":"var(--ast-global-color-5)","background-image":"","background-repeat":"repeat","background-position":"center center","background-size":"auto","background-attachment":"scroll","background-type":"","background-media":"","overlay-type":"","overlay-color":"","overlay-opacity":"","overlay-gradient":""},"mobile":{"background-color":"var(--ast-global-color-5)","background-image":"","background-repeat":"repeat","background-position":"center center","background-size":"auto","background-attachment":"scroll","background-type":"","background-media":"","overlay-type":"","overlay-color":"","overlay-opacity":"","overlay-gradient":""}},"footnotes":""},"_links":{"self":[{"href":"https:\/\/promotionskolleg-migration.de\/en\/wp-json\/wp\/v2\/pages\/1383"}],"collection":[{"href":"https:\/\/promotionskolleg-migration.de\/en\/wp-json\/wp\/v2\/pages"}],"about":[{"href":"https:\/\/promotionskolleg-migration.de\/en\/wp-json\/wp\/v2\/types\/page"}],"author":[{"embeddable":true,"href":"https:\/\/promotionskolleg-migration.de\/en\/wp-json\/wp\/v2\/users\/6"}],"replies":[{"embeddable":true,"href":"https:\/\/promotionskolleg-migration.de\/en\/wp-json\/wp\/v2\/comments?post=1383"}],"version-history":[{"count":13,"href":"https:\/\/promotionskolleg-migration.de\/en\/wp-json\/wp\/v2\/pages\/1383\/revisions"}],"predecessor-version":[{"id":1403,"href":"https:\/\/promotionskolleg-migration.de\/en\/wp-json\/wp\/v2\/pages\/1383\/revisions\/1403"}],"up":[{"embeddable":true,"href":"https:\/\/promotionskolleg-migration.de\/en\/wp-json\/wp\/v2\/pages\/27"}],"wp:attachment":[{"href":"https:\/\/promotionskolleg-migration.de\/en\/wp-json\/wp\/v2\/media?parent=1383"}],"curies":[{"name":"wp","href":"https:\/\/api.w.org\/{rel}","templated":true}]}}

<p><a href="http://promotionskolleg-migration.de/en/stipendiatinnen/">Back to Overview</a></p>
<h6>Über uns &gt; Stipendiat*innen &gt; luisa Wirth</h6>
<p><a href="https://promotionskolleg-migration.de/en/veranstaltungen-2/">Current Events</a></p>
<h2>Luisa Wirth</h2>
<h4><a href="https://promotionskolleg-migration.de/en/stipendiatinnen/">Back to Overview</a></h4>
<p><strong>Contact</strong></p>
<p>Sigmund Freud Institute<br />Myliusstraße 20<br />60323 Frankfurt am Main<br />Room U.11</p>
<p> </p>
<p>Tel. 069 971204-154<br />Fax 069 971204-4</p>
<p>E-Mail: <a href="mailto:wirth@sigmund-freud-institut.de" target="_blank" rel="noopener">wirth@sigmund-freud-institut.de</a></p>

<h4><strong>Vita</strong></h4>
<p><strong>Since 2021</strong></p>
<p>Promotionsvorhaben im Promotionskolleg &#8222;Psychosoziale Folgen von Migration und Flucht &#8211; generationale Dynamiken und adoleszente Verläufe&#8220; zum Thema der subjektiven Krankheitstheorien bei adoleszenten Migrant:innen der ersten und zweiten Generation mit Borderline-Persönlichkeitsproblematiken</p>
<p> </p>
<p><strong>2019 &#8211; 2020 </strong></p>
<p>Coach at a social educational institution in Offenbach</p>
<p> </p>
<p><strong>2016 &#8211; 2019</strong></p>
<p>Master of Science in psychology at the University of Klagenfurt/Celovec (Austria) with focus on clinical psychology, health psychology and psychotherapy &amp; feminist sciences and gender studies</p>
<p> </p>
<p><strong>2017</strong></p>
<p>Master's internship at the Chair of Psychoanalysis at Goethe University Frankfurt with Professor Tilmann Habermas</p>
<p> </p>
<p><strong>2016 </strong></p>
<p>Six-month internship at City University, London (United Kingdom), with Professor Carla Willig in the field of qualitative research</p>
<p> </p>
<p><strong>2012 &#8211; 2016</strong></p>
<p>Bachelor of Science in Psychology at the University of Potsdam and the Free University Berlin</p>
<p> </p>
<p><strong>2014</strong></p>
<p>Bachelor's internship at the Institute for Trauma Therapy with Oliver Schubbe in Berlin</p>
<p> </p>
<p><strong>2011 &#8211; 2012</strong></p>
<p>Studies in Journalism and Communication Science (B.A.) at the Free University Berlin for two semesters</p>
<h4><strong>Research Focus</strong></h4>
<ul>
<li style="box-sizing: inherit;">Qualitative research methodology: IPA, psychoanalytic text interpretation, grounded theory</li>
<li style="box-sizing: inherit;">Psychoanalytic research</li>
<li style="box-sizing: inherit;">Participatory research approaches (photo elicitation method)</li>
<li style="box-sizing: inherit;">Transgenerational dynamics &amp; transmission of trauma</li>
<li style="box-sizing: inherit;">Migration &amp; discrimination</li>
<li style="box-sizing: inherit;">Subjective theories of disease</li>
</ul>
<h4><strong>Research Projects</strong></h4>
<ul>
<li style="box-sizing: inherit; font-size: 16px;">Promotion im Promotionskolleg &#8222;Psychosoziale Folgen von Migration und Flucht &#8211; generationale Dynamiken und adoleszente Verläufe&#8220; zum Thema &#8222;Subjektive Krankheitstheorien bei adoleszenten Migrant:innen der ersten<br />und zweiten Generation mit Borderline-Persönlichkeitsproblematiken&#8220;</li>
<li style="box-sizing: inherit; font-size: 16px;">Masterarbeit an der Universität Klagenfurt/Celovec zum Thema &#8222;Transgenerationale Weitergabe von Traumatisierungen bei Kärntner Slowen:innen&#8220;</li>
<li style="box-sizing: inherit; font-size: 16px;">Metasynthese im Rahmen eines Praktikums an der City University, London, zum Thema &#8222;Gelebte Erfahrung von tödlich erkrankten Krebspatient:innen&#8220;</li>
</ul>
<h4><strong>Publications</strong></h4>
<p>Willig, C., &amp; Wirth, L. (2018). A meta-synthesis of studies of patients’ experience of living with terminal cancer. <em>Health Psychology, 37</em>(3), 228–237. <a href="https://psycnet.apa.org/doi/10.1037/hea0000581" target="_blank" rel="noopener">https://doi.org/10.1037/hea0000581</a></p>
<p> </p>
<p>Willig, C., &amp; Wirth, L. (2019). Liminality as a dimension of the experience of living with terminal cancer. Palliative and Supportive Care, 17(3), 333-337. doi:10.1017/S1478951518000536</p>
<h4><strong><a href="https://promotionskolleg-migration.de/en/veranstaltungen-2/">Current Events</a></strong></h4>

<p>Zurück zur Übersicht Über uns &gt; Stipendiat*innen &gt; luisa Wirth Aktuelle Veranstaltungen Luisa Wirth Zurück zur Übersicht Kontakt Sigmund-Freud-InstitutMyliusstraße 2060323 Frankfurt am MainRaum U.11   Telefon 069 971204-154Telefax 069 971204-4 E-Mail: wirth@sigmund-freud-institut.de Vita Seit 2021 Promotionsvorhaben im Promotionskolleg &#8222;Psychosoziale Folgen von Migration und Flucht &#8211; generationale Dynamiken und adoleszente Verläufe&#8220; zum Thema der subjektiven Krankheitstheorien [&hellip;]</p>
