{"id":683,"date":"2020-06-03T14:19:10","date_gmt":"2020-06-03T12:19:10","guid":{"rendered":"https:\/\/promotionskolleg-migration.de\/?page_id=683"},"modified":"2021-01-13T18:55:31","modified_gmt":"2021-01-13T17:55:31","slug":"maximilian-richter","status":"publish","type":"page","link":"https:\/\/promotionskolleg-migration.de\/en\/ueber-uns\/stipendiatinnen\/maximilian-richter\/","title":{"rendered":"Maximilian Richter"},"content":{"rendered":"<p><a href=\"http:\/\/promotionskolleg-migration.de\/en\/stipendiatinnen\/\">Back to Overview<\/a><\/p>\n<h6>About us &gt; Doctoral Researchers &gt; Maximilian Richter<\/h6>\n<p><a href=\"https:\/\/promotionskolleg-migration.de\/en\/veranstaltungen-2\/\">Current Events<\/a><\/p>\n<h2>Maximilian Richter<\/h2>\n<h4><a href=\"https:\/\/promotionskolleg-migration.de\/en\/stipendiatinnen\/\">Back to Overview<\/a><\/h4>\n<p><strong>Contact<\/strong><\/p>\n<p>Sigmund Freud Institute<br \/>Myliusstra\u00dfe 20<br \/>60323 Frankfurt am Main<br \/>Room U.11<\/p>\n<p>\u00a0<\/p>\n<p>Tel. 069 971204-154<br \/>Fax 069 971204-4<\/p>\n<p>E-Mail: <a href=\"mailto:richter@sigmund-freud-institut.de\" target=\"_blank\" rel=\"noopener noreferrer\">richter@sigmund-freud-institut.de<\/a><\/p>\n\n<h4><strong>Vita<\/strong><\/h4>\n<p>PhD project about identity and attachment in adoloscent refugees<\/p>\n<p>\u00a0<\/p>\n<p><strong>Since 2018<\/strong><br \/>PhD project about identity and attachment in adoloscent refugees at the Doctorial Research Program \u201ePsycho-Social Impacts of Migration and Flight \u2013 Generational Dynamics and Adolescent Developments\u201c<\/p>\n<p>\u00a0<\/p>\n<p><strong>2016 \u2013 2018<\/strong><br \/>Research assistant in the Department of Educational Sciences at Goethe University Frankfurt.<\/p>\n<p><strong>\u00a0<\/strong><\/p>\n<p><strong>2016 \u2013 2018<\/strong><br \/>Research assistant at the DIPF \u2013 Leibniz Institute for Research and Information in Education in Frankfurt.<\/p>\n<p><strong>\u00a0<\/strong><\/p>\n<p><strong>2013 \u2013 2018<\/strong><br \/>Bachelor of Arts &amp; Master of Arts: Educational Sciences at Goethe University Frankfurt.<\/p>\n<h4><strong><a href=\"https:\/\/promotionskolleg-migration.de\/en\/veranstaltungen-2\/\">Current Events<\/a><\/strong><\/h4>","protected":false},"excerpt":{"rendered":"<p>Zur\u00fcck zur \u00dcbersicht \u00dcber uns &gt; Stipendiat*innen &gt; Maximilian Richter Aktuelle Veranstaltungen Maximilian Richter Zur\u00fcck zur \u00dcbersicht Kontakt Sigmund-Freud-InstitutMyliusstra\u00dfe 2060323 Frankfurt am MainRaum U.11 \u00a0 Telefon 069 971204-154Telefax 069 971204-4 E-Mail: richter@sigmund-freud-institut.de Vita Dissertation zum Thema Identit\u00e4t und Bindung bei adoleszenten Gefl\u00fcchteten. \u00a0 Seit 2018Promotionsstipendium der Hans-B\u00f6ckler-Stiftung im Promotionskolleg \u201ePsychosoziale Folgen von Migration und Flucht [&hellip;]<\/p>\n","protected":false},"author":6,"featured_media":0,"parent":27,"menu_order":0,"comment_status":"closed","ping_status":"closed","template":"elementor_header_footer","meta":{"site-sidebar-layout":"no-sidebar","site-content-layout":"page-builder","ast-site-content-layout":"default","site-content-style":"default","site-sidebar-style":"default","ast-global-header-display":"","ast-banner-title-visibility":"","ast-main-header-display":"","ast-hfb-above-header-display":"","ast-hfb-below-header-display":"","ast-hfb-mobile-header-display":"","site-post-title":"disabled","ast-breadcrumbs-content":"","ast-featured-img":"disabled","footer-sml-layout":"","ast-disable-related-posts":"","theme-transparent-header-meta":"default","adv-header-id-meta":"","stick-header-meta":"","header-above-stick-meta":"","header-main-stick-meta":"","header-below-stick-meta":"","astra-migrate-meta-layouts":"default","ast-page-background-enabled":"default","ast-page-background-meta":{"desktop":{"background-color":"","background-image":"","background-repeat":"repeat","background-position":"center center","background-size":"auto","background-attachment":"scroll","background-type":"","background-media":"","overlay-type":"","overlay-color":"","overlay-opacity":"","overlay-gradient":""},"tablet":{"background-color":"","background-image":"","background-repeat":"repeat","background-position":"center center","background-size":"auto","background-attachment":"scroll","background-type":"","background-media":"","overlay-type":"","overlay-color":"","overlay-opacity":"","overlay-gradient":""},"mobile":{"background-color":"","background-image":"","background-repeat":"repeat","background-position":"center center","background-size":"auto","background-attachment":"scroll","background-type":"","background-media":"","overlay-type":"","overlay-color":"","overlay-opacity":"","overlay-gradient":""}},"ast-content-background-meta":{"desktop":{"background-color":"var(--ast-global-color-5)","background-image":"","background-repeat":"repeat","background-position":"center center","background-size":"auto","background-attachment":"scroll","background-type":"","background-media":"","overlay-type":"","overlay-color":"","overlay-opacity":"","overlay-gradient":""},"tablet":{"background-color":"var(--ast-global-color-5)","background-image":"","background-repeat":"repeat","background-position":"center center","background-size":"auto","background-attachment":"scroll","background-type":"","background-media":"","overlay-type":"","overlay-color":"","overlay-opacity":"","overlay-gradient":""},"mobile":{"background-color":"var(--ast-global-color-5)","background-image":"","background-repeat":"repeat","background-position":"center center","background-size":"auto","background-attachment":"scroll","background-type":"","background-media":"","overlay-type":"","overlay-color":"","overlay-opacity":"","overlay-gradient":""}},"footnotes":""},"_links":{"self":[{"href":"https:\/\/promotionskolleg-migration.de\/en\/wp-json\/wp\/v2\/pages\/683"}],"collection":[{"href":"https:\/\/promotionskolleg-migration.de\/en\/wp-json\/wp\/v2\/pages"}],"about":[{"href":"https:\/\/promotionskolleg-migration.de\/en\/wp-json\/wp\/v2\/types\/page"}],"author":[{"embeddable":true,"href":"https:\/\/promotionskolleg-migration.de\/en\/wp-json\/wp\/v2\/users\/6"}],"replies":[{"embeddable":true,"href":"https:\/\/promotionskolleg-migration.de\/en\/wp-json\/wp\/v2\/comments?post=683"}],"version-history":[{"count":7,"href":"https:\/\/promotionskolleg-migration.de\/en\/wp-json\/wp\/v2\/pages\/683\/revisions"}],"predecessor-version":[{"id":1142,"href":"https:\/\/promotionskolleg-migration.de\/en\/wp-json\/wp\/v2\/pages\/683\/revisions\/1142"}],"up":[{"embeddable":true,"href":"https:\/\/promotionskolleg-migration.de\/en\/wp-json\/wp\/v2\/pages\/27"}],"wp:attachment":[{"href":"https:\/\/promotionskolleg-migration.de\/en\/wp-json\/wp\/v2\/media?parent=683"}],"curies":[{"name":"wp","href":"https:\/\/api.w.org\/{rel}","templated":true}]}}

<p><a href="http://promotionskolleg-migration.de/en/stipendiatinnen/">Back to Overview</a></p>
<h6>About us &gt; Doctoral Researchers &gt; Maximilian Richter</h6>
<p><a href="https://promotionskolleg-migration.de/en/veranstaltungen-2/">Current Events</a></p>
<h2>Maximilian Richter</h2>
<h4><a href="https://promotionskolleg-migration.de/en/stipendiatinnen/">Back to Overview</a></h4>
<p><strong>Contact</strong></p>
<p>Sigmund Freud Institute<br />Myliusstraße 20<br />60323 Frankfurt am Main<br />Room U.11</p>
<p> </p>
<p>Tel. 069 971204-154<br />Fax 069 971204-4</p>
<p>E-Mail: <a href="mailto:richter@sigmund-freud-institut.de" target="_blank" rel="noopener noreferrer">richter@sigmund-freud-institut.de</a></p>

<h4><strong>Vita</strong></h4>
<p>PhD project about identity and attachment in adoloscent refugees</p>
<p> </p>
<p><strong>Since 2018</strong><br />PhD project about identity and attachment in adoloscent refugees at the Doctorial Research Program „Psycho-Social Impacts of Migration and Flight – Generational Dynamics and Adolescent Developments“</p>
<p> </p>
<p><strong>2016 – 2018</strong><br />Research assistant in the Department of Educational Sciences at Goethe University Frankfurt.</p>
<p><strong> </strong></p>
<p><strong>2016 – 2018</strong><br />Research assistant at the DIPF – Leibniz Institute for Research and Information in Education in Frankfurt.</p>
<p><strong> </strong></p>
<p><strong>2013 – 2018</strong><br />Bachelor of Arts &amp; Master of Arts: Educational Sciences at Goethe University Frankfurt.</p>
<h4><strong><a href="https://promotionskolleg-migration.de/en/veranstaltungen-2/">Current Events</a></strong></h4>

<p>Zurück zur Übersicht Über uns &gt; Stipendiat*innen &gt; Maximilian Richter Aktuelle Veranstaltungen Maximilian Richter Zurück zur Übersicht Kontakt Sigmund-Freud-InstitutMyliusstraße 2060323 Frankfurt am MainRaum U.11   Telefon 069 971204-154Telefax 069 971204-4 E-Mail: richter@sigmund-freud-institut.de Vita Dissertation zum Thema Identität und Bindung bei adoleszenten Geflüchteten.   Seit 2018Promotionsstipendium der Hans-Böckler-Stiftung im Promotionskolleg „Psychosoziale Folgen von Migration und Flucht [&hellip;]</p>
