{"id":923,"date":"2020-07-08T19:12:29","date_gmt":"2020-07-08T17:12:29","guid":{"rendered":"https:\/\/promotionskolleg-migration.de\/?page_id=923"},"modified":"2021-01-13T18:09:47","modified_gmt":"2021-01-13T17:09:47","slug":"simon-heyny","status":"publish","type":"page","link":"https:\/\/promotionskolleg-migration.de\/en\/ueber-uns\/stipendiatinnen\/simon-heyny\/","title":{"rendered":"Simon Heyny"},"content":{"rendered":"<p><a href=\"http:\/\/promotionskolleg-migration.de\/en\/stipendiatinnen\/\">Back to Overview<\/a><\/p>\n<h6>About us &gt; Doctoral Researchers &gt; Simon Heyny<\/h6>\n<p><a href=\"https:\/\/promotionskolleg-migration.de\/en\/veranstaltungen-2\/\">Current Events<\/a><\/p>\n<h1>Simon Heyny<\/h1>\n<h4><a href=\"https:\/\/promotionskolleg-migration.de\/en\/stipendiatinnen\/\">Back to Overview<\/a><\/h4>\n<p><strong>Contact<\/strong><\/p>\n<p>Sigmund Freud Institute<br \/>Myliusstra\u00dfe 20<br \/>60323 Frankfurt am Main<br \/>Room U.09<\/p>\n<p>\u00a0<\/p>\n<p>Telefon: 069 971204-153<br \/>Telefax: 069 971204-4<\/p>\n<p>\u00a0<\/p>\n<p>E-Mail: <a href=\"mailto:heyny@sigmund-freud-Institut.de\">heyny@sigmund-freud-Institut.de<\/a><\/p>\n\n<h4><strong>Vita<\/strong><\/h4>\n<p><em><strong>2020 <\/strong><\/em><\/p>\n<p>Doctoral Scholarship funded by Hans-B\u00f6ckler-Foundation in the Phd Research Group \u201ePsycho-Social Impacts of Migration and Flight - Generational Dynamics and Adolescent Processes\u201c<\/p>\n<p>\u00a0<\/p>\n<p>Graduate Assistant at Goethe University Frankfurt\/Main, Faculty of Social Sciences, Institute of Sociology, Chair for Sociology and Social Psychology (Prof. Vera King)<\/p>\n<p>\u00a0<\/p>\n<p><em><strong>2019<\/strong><\/em><\/p>\n<p>Master\u2018s Degree Philosophie (Goethe University Frankfurt\/Main)<\/p>\n<p>\u00a0<\/p>\n<p><em><strong>2017 <\/strong><\/em><\/p>\n<p>Student Assist an der Goethe University Frankfurt\/Main, Institute of Philosophy<\/p>\n<p>\u00a0<\/p>\n<p><em><strong>2015-2016 <\/strong><\/em><\/p>\n<p>Intern, project staff and visiting Scientist at Sigmund-Freud-Institute Frankfurt\/Main<\/p>\n<p>\u00a0<\/p>\n<p><em><strong>2013 <\/strong><\/em><\/p>\n<p>Merit-based scholarship from University of Vienna<\/p>\n<h4><strong>Research Focus<\/strong><\/h4>\n<ul>\n<li style=\"box-sizing: inherit;\">\n<p>Psychoanalytic Social Psychology<\/p>\n<\/li>\n<li style=\"box-sizing: inherit;\">\n<p>Critical Theory<\/p>\n<\/li>\n<li style=\"box-sizing: inherit;\">\n<p>Theoretical Psychoanalysis<\/p>\n<\/li>\n<li style=\"box-sizing: inherit;\">\n<p>Depth-Hermeneutic<\/p>\n<\/li>\n<li style=\"box-sizing: inherit;\">\n<p>Migration<\/p>\n<\/li>\n<\/ul>\n<h4><strong>Research Projects<\/strong><\/h4>\n<ul>\n<li>\n<p>Dissertation Project: \u201ePsyche, Gesellschaft und Kritik. Ein soziologisch-sozialpsychologisch-psychoanalytisches Model der Kritik\u201c<\/p>\n<\/li>\n<\/ul>\n<h4><strong>Teaching<\/strong><\/h4>\n<p><em>Summer Semester 2020<\/em><\/p>\n<p>Assistance in Seminar \u201eDigitalisierung und Sozialpsychologie\u201c (conducted by Prof. Vera King)<\/p>\n<p>\u00a0<\/p>\n<p><em>Summer Semester 2017 <\/em><\/p>\n<p>Tutorial \u201eLorenzers Psychoanalyse als Sozialwissenschaft\u201c<\/p>\n<h4><strong>Workshops\/Lectures<\/strong><\/h4>\n<p>2018 Lecture: \u201ePsyche und Gesellschaft. Die Dialektik von Natur und Kultur in der Sozialisationstheorie Alfred Lorenzers\u201c Vortragsreihe \u201ePsychoanalytische Arbeiten \u2013 Arbeit mit der Psychoanalyse\u201c, Goethe-Universit\u00e4t Frankfurt\/Main<\/p>\n<p>\u00a0<\/p>\n<p>2018 Lecture: \u201ePaul Ricoeur \u2013 Was f\u00fcr eine Wissenschaft ist die Psychoanalyse?\u201c Literaturkreis der Arbeitsgruppe Neuropsychoanalyse am Sigmund-Freud-Institut<\/p>\n<p>\u00a0<\/p>\n<p>2016 Workshop: \u201eDas Fremde aus Sicht der Psychoanalyse\u201c (mit Marie-Sophie L\u00f6hlein), Phantastische Bibliothek Wetzlar<\/p>\n<p>\u00a0<\/p>\n<p>2016 Workshop: \u201eDas Fremde in der Psychoanalyse\u201c (mit Marie-Sophie L\u00f6hlein), Volkshochschule Frankfurt\/Main<\/p>\n<h4><strong>Publications<\/strong><\/h4>\n<p>\u201eBorderliner: Germany. Zwischen Willkommenskultur und \u00dcberfremdungspanik\u201c, in: Werkblatt, 33\/76, 2016, S. 23-43 (mit Marie-Sophie L\u00f6hlein)<\/p>\n<h4><strong><a href=\"https:\/\/promotionskolleg-migration.de\/en\/veranstaltungen-2\/\">Current Events<\/a><\/strong><\/h4>","protected":false},"excerpt":{"rendered":"<p>Zur\u00fcck zur \u00dcbersicht \u00dcber uns &gt; Stipendiat*innen &gt; Simon Heyny Aktuelle Veranstaltungen Simon Heyny Zur\u00fcck zur \u00dcbersicht Kontakt Sigmund-Freud-InstitutMyliusstra\u00dfe 2060323 Frankfurt am MainRaum U.09 \u00a0 Telefon: 069 971204-153Telefax: 069 971204-4 \u00a0 E-Mail: heyny@sigmund-freud-Institut.de Portrait 2020 Promotionsstipendiat der Hans-B\u00f6ckler-Stiftung im Promotionskolleg \u201ePsychosoziale Folgen von Migration und Flucht\u201c \u00a0 Wissenschaftliche Hilfskraft an der Goethe Universit\u00e4t Frankfurt\/Main, Fachbereich [&hellip;]<\/p>\n","protected":false},"author":6,"featured_media":0,"parent":27,"menu_order":0,"comment_status":"closed","ping_status":"closed","template":"elementor_header_footer","meta":{"site-sidebar-layout":"no-sidebar","site-content-layout":"page-builder","ast-site-content-layout":"default","site-content-style":"default","site-sidebar-style":"default","ast-global-header-display":"","ast-banner-title-visibility":"","ast-main-header-display":"","ast-hfb-above-header-display":"","ast-hfb-below-header-display":"","ast-hfb-mobile-header-display":"","site-post-title":"disabled","ast-breadcrumbs-content":"","ast-featured-img":"disabled","footer-sml-layout":"","ast-disable-related-posts":"","theme-transparent-header-meta":"default","adv-header-id-meta":"","stick-header-meta":"","header-above-stick-meta":"","header-main-stick-meta":"","header-below-stick-meta":"","astra-migrate-meta-layouts":"default","ast-page-background-enabled":"default","ast-page-background-meta":{"desktop":{"background-color":"","background-image":"","background-repeat":"repeat","background-position":"center center","background-size":"auto","background-attachment":"scroll","background-type":"","background-media":"","overlay-type":"","overlay-color":"","overlay-opacity":"","overlay-gradient":""},"tablet":{"background-color":"","background-image":"","background-repeat":"repeat","background-position":"center center","background-size":"auto","background-attachment":"scroll","background-type":"","background-media":"","overlay-type":"","overlay-color":"","overlay-opacity":"","overlay-gradient":""},"mobile":{"background-color":"","background-image":"","background-repeat":"repeat","background-position":"center center","background-size":"auto","background-attachment":"scroll","background-type":"","background-media":"","overlay-type":"","overlay-color":"","overlay-opacity":"","overlay-gradient":""}},"ast-content-background-meta":{"desktop":{"background-color":"var(--ast-global-color-5)","background-image":"","background-repeat":"repeat","background-position":"center center","background-size":"auto","background-attachment":"scroll","background-type":"","background-media":"","overlay-type":"","overlay-color":"","overlay-opacity":"","overlay-gradient":""},"tablet":{"background-color":"var(--ast-global-color-5)","background-image":"","background-repeat":"repeat","background-position":"center center","background-size":"auto","background-attachment":"scroll","background-type":"","background-media":"","overlay-type":"","overlay-color":"","overlay-opacity":"","overlay-gradient":""},"mobile":{"background-color":"var(--ast-global-color-5)","background-image":"","background-repeat":"repeat","background-position":"center center","background-size":"auto","background-attachment":"scroll","background-type":"","background-media":"","overlay-type":"","overlay-color":"","overlay-opacity":"","overlay-gradient":""}},"footnotes":""},"_links":{"self":[{"href":"https:\/\/promotionskolleg-migration.de\/en\/wp-json\/wp\/v2\/pages\/923"}],"collection":[{"href":"https:\/\/promotionskolleg-migration.de\/en\/wp-json\/wp\/v2\/pages"}],"about":[{"href":"https:\/\/promotionskolleg-migration.de\/en\/wp-json\/wp\/v2\/types\/page"}],"author":[{"embeddable":true,"href":"https:\/\/promotionskolleg-migration.de\/en\/wp-json\/wp\/v2\/users\/6"}],"replies":[{"embeddable":true,"href":"https:\/\/promotionskolleg-migration.de\/en\/wp-json\/wp\/v2\/comments?post=923"}],"version-history":[{"count":11,"href":"https:\/\/promotionskolleg-migration.de\/en\/wp-json\/wp\/v2\/pages\/923\/revisions"}],"predecessor-version":[{"id":1228,"href":"https:\/\/promotionskolleg-migration.de\/en\/wp-json\/wp\/v2\/pages\/923\/revisions\/1228"}],"up":[{"embeddable":true,"href":"https:\/\/promotionskolleg-migration.de\/en\/wp-json\/wp\/v2\/pages\/27"}],"wp:attachment":[{"href":"https:\/\/promotionskolleg-migration.de\/en\/wp-json\/wp\/v2\/media?parent=923"}],"curies":[{"name":"wp","href":"https:\/\/api.w.org\/{rel}","templated":true}]}}

<p><a href="http://promotionskolleg-migration.de/en/stipendiatinnen/">Back to Overview</a></p>
<h6>About us &gt; Doctoral Researchers &gt; Simon Heyny</h6>
<p><a href="https://promotionskolleg-migration.de/en/veranstaltungen-2/">Current Events</a></p>
<h1>Simon Heyny</h1>
<h4><a href="https://promotionskolleg-migration.de/en/stipendiatinnen/">Back to Overview</a></h4>
<p><strong>Contact</strong></p>
<p>Sigmund Freud Institute<br />Myliusstraße 20<br />60323 Frankfurt am Main<br />Room U.09</p>
<p> </p>
<p>Telefon: 069 971204-153<br />Telefax: 069 971204-4</p>
<p> </p>
<p>E-Mail: <a href="mailto:heyny@sigmund-freud-Institut.de">heyny@sigmund-freud-Institut.de</a></p>

<h4><strong>Vita</strong></h4>
<p><em><strong>2020 </strong></em></p>
<p>Doctoral Scholarship funded by Hans-Böckler-Foundation in the Phd Research Group „Psycho-Social Impacts of Migration and Flight - Generational Dynamics and Adolescent Processes“</p>
<p> </p>
<p>Graduate Assistant at Goethe University Frankfurt/Main, Faculty of Social Sciences, Institute of Sociology, Chair for Sociology and Social Psychology (Prof. Vera King)</p>
<p> </p>
<p><em><strong>2019</strong></em></p>
<p>Master‘s Degree Philosophie (Goethe University Frankfurt/Main)</p>
<p> </p>
<p><em><strong>2017 </strong></em></p>
<p>Student Assist an der Goethe University Frankfurt/Main, Institute of Philosophy</p>
<p> </p>
<p><em><strong>2015-2016 </strong></em></p>
<p>Intern, project staff and visiting Scientist at Sigmund-Freud-Institute Frankfurt/Main</p>
<p> </p>
<p><em><strong>2013 </strong></em></p>
<p>Merit-based scholarship from University of Vienna</p>
<h4><strong>Research Focus</strong></h4>
<ul>
<li style="box-sizing: inherit;">
<p>Psychoanalytic Social Psychology</p>
</li>
<li style="box-sizing: inherit;">
<p>Critical Theory</p>
</li>
<li style="box-sizing: inherit;">
<p>Theoretical Psychoanalysis</p>
</li>
<li style="box-sizing: inherit;">
<p>Depth-Hermeneutic</p>
</li>
<li style="box-sizing: inherit;">
<p>Migration</p>
</li>
</ul>
<h4><strong>Research Projects</strong></h4>
<ul>
<li>
<p>Dissertation Project: „Psyche, Gesellschaft und Kritik. Ein soziologisch-sozialpsychologisch-psychoanalytisches Model der Kritik“</p>
</li>
</ul>
<h4><strong>Teaching</strong></h4>
<p><em>Summer Semester 2020</em></p>
<p>Assistance in Seminar „Digitalisierung und Sozialpsychologie“ (conducted by Prof. Vera King)</p>
<p> </p>
<p><em>Summer Semester 2017 </em></p>
<p>Tutorial „Lorenzers Psychoanalyse als Sozialwissenschaft“</p>
<h4><strong>Workshops/Lectures</strong></h4>
<p>2018 Lecture: „Psyche und Gesellschaft. Die Dialektik von Natur und Kultur in der Sozialisationstheorie Alfred Lorenzers“ Vortragsreihe „Psychoanalytische Arbeiten – Arbeit mit der Psychoanalyse“, Goethe-Universität Frankfurt/Main</p>
<p> </p>
<p>2018 Lecture: „Paul Ricoeur – Was für eine Wissenschaft ist die Psychoanalyse?“ Literaturkreis der Arbeitsgruppe Neuropsychoanalyse am Sigmund-Freud-Institut</p>
<p> </p>
<p>2016 Workshop: „Das Fremde aus Sicht der Psychoanalyse“ (mit Marie-Sophie Löhlein), Phantastische Bibliothek Wetzlar</p>
<p> </p>
<p>2016 Workshop: „Das Fremde in der Psychoanalyse“ (mit Marie-Sophie Löhlein), Volkshochschule Frankfurt/Main</p>
<h4><strong>Publications</strong></h4>
<p>„Borderliner: Germany. Zwischen Willkommenskultur und Überfremdungspanik“, in: Werkblatt, 33/76, 2016, S. 23-43 (mit Marie-Sophie Löhlein)</p>
<h4><strong><a href="https://promotionskolleg-migration.de/en/veranstaltungen-2/">Current Events</a></strong></h4>

<p>Zurück zur Übersicht Über uns &gt; Stipendiat*innen &gt; Simon Heyny Aktuelle Veranstaltungen Simon Heyny Zurück zur Übersicht Kontakt Sigmund-Freud-InstitutMyliusstraße 2060323 Frankfurt am MainRaum U.09   Telefon: 069 971204-153Telefax: 069 971204-4   E-Mail: heyny@sigmund-freud-Institut.de Portrait 2020 Promotionsstipendiat der Hans-Böckler-Stiftung im Promotionskolleg „Psychosoziale Folgen von Migration und Flucht“   Wissenschaftliche Hilfskraft an der Goethe Universität Frankfurt/Main, Fachbereich [&hellip;]</p>
